 - 142 = 3*j - 5*s, 4*j + 2*s = 284. What is the tens digit of j?
7
Suppose -2*o = 2*u - o + 1, -2*o = -5*u + 11. What is the units digit of (2 + -1)*5*u?
5
Let u be (18/(-12))/((-6)/16). Suppose -u*j + 4 = 3*s, s + 4 = j + 3. Suppose s = -0*f + 5*f - 30. What is the units digit of f?
6
Suppose 2*h - 654 = -12*m + 7*m, 1264 = 4*h - m. What is the tens digit of h?
1
Let o(r) = -2*r - 11. Let f be o(-8). Let c(h) = -h**2 - 3*h + 3. Let i be c(-3). Suppose -2*l - i + f = 0. What is the units digit of l?
1
Let o = -16 - -42. Suppose 0*m + 5*m - 5*f - 40 = 0, -4*m + f = -o. What is the units digit of m?
6
Let r be 2/(-7) - 4/(-14). Suppose m = -4*d + 3 + 5, 5*m - 4*d - 64 = r. What is the units digit of m?
2
Let c = 185 - 78. What is the tens digit of c?
0
Suppose -2*s - 4 = -4*s. Suppose -t + 2*t - 178 = 0. What is the units digit of t/9 - s/(-9)?
0
Let d(i) = 7*i - 15. What is the tens digit of d(5)?
2
Let u = 9 - 6. Let v be (-3 - -2) + -2 + u. Suppose -f - 2*x + 21 = v, 5*f - 5*x - 100 = -10*x. What is the units digit of f?
9
Let w(n) = -36*n**3 + 2*n + 3. What is the tens digit of w(-1)?
3
Let g(i) = -i**2 + 9*i - 7. Let u be g(7). Suppose -2 + u = 5*a. What is the units digit of a?
1
Suppose -5*r + 4 + 94 = x, 5*r = -3*x + 314. What is the units digit of x?
8
Let z(n) be the second derivative of -n**3/6 + 9*n**2/2 - n. Let j be z(7). What is the units digit of (-26)/(-1 + j + -3)?
3
Let c = 1 - 8. Suppose -k + 4*g = -4*k + 10, 5*k + 5*g = 15. What is the units digit of c/(-4) - k/(-8)?
2
Suppose -5*u + 50 = 5*a, 0 = -5*u + a + 37 + 31. What is the units digit of u?
3
Suppose -3*c + 14 = -i, 2 = c - 4*i - 10. Suppose -c*s + 4 = 0, -2*j + 8 + 7 = 5*s. What is the units digit of j?
5
Let n be (6/9)/((-4)/(-18)). Suppose -5*c + u + 65 = -133, n*u = 4*c - 165. What is the units digit of c?
9
Let j(f) = f**3 + 9*f**2 - f - 7. What is the units digit of j(-8)?
5
Let t = 24 - -34. What is the tens digit of t?
5
Let b be ((-39)/12)/((-3)/108). Suppose z + 2*j - 36 = 0, -3*j = -2*z + 2*j + b. What is the units digit of z?
6
Let l(g) = -8*g**2 + 2 - g**3 - g + 3 + 5. Let f be l(-8). Let y = f - 10. What is the units digit of y?
8
Let i = 22 - 29. What is the tens digit of 2/7 - 110/i?
1
Let i be (2/(-3))/(4/(-6)). Let d be (4/8)/(3/18). Let w = d - i. What is the units digit of w?
2
Suppose -2*y + 0*y = -3*b - 35, 4*y = -4*b + 100. What is the tens digit of y?
2
Let o(a) = a**3 - 6*a**2 - 4*a - 5. Let p = -10 + 17. What is the tens digit of o(p)?
1
Suppose -4*z - 3 = 5. Let d be (6/9)/(z/(-9)). What is the units digit of 12 + 2/(d + -1)?
3
Suppose w = 5*s, 6*s - 2*s + 3*w = 0. Let l(p) = 0*p**3 + 6*p**2 + 5*p + p**3 - 4 + s*p. What is the units digit of l(-4)?
8
Let m be 1*(-2 - 0) - -7. Suppose 8 - 28 = -m*t. Suppose 22 = 5*j - t*j + 5*w, w = 3. What is the units digit of j?
7
What is the units digit of (-2 - (-6)/(-4))/((-4)/376)?
9
Let t(b) = -b**3 + 7*b**2 + b - 1. What is the units digit of t(6)?
1
Let t(d) = -d**3 + 5. Let m be t(0). Let n be 29/m - (-5)/25. What is the units digit of n + (-1 - (-3 - -2))?
6
Suppose -4*x - 8 = -136. What is the units digit of x?
2
Let h(z) be the third derivative of -z**6/120 - 11*z**5/60 - 3*z**4/8 + z**3/3 - 3*z**2. Let o be h(-10). What is the units digit of 3/(-1)*o/6?
4
Suppose 3*g = -5*s - 10 + 1, 0 = -3*s - 9. Suppose -4*n + 44 = g*j, j - 1 = 2*n - 31. What is the units digit of n?
3
Let d = -4 - -6. Suppose 2*a - 4*q = -12, 2*a + d*q + q = 16. What is the units digit of a?
2
Let j be 4/8*6*2. Suppose y - 3*s - 32 - j = 0, -2*y - 5*s = -43. What is the units digit of y?
9
Suppose 111 = 2*x - 47. What is the units digit of x?
9
Let r(l) be the first derivative of -l**3/3 - 7*l**2 - 17*l - 1. What is the units digit of r(-12)?
7
Let n = 2 + -2. Suppose k + 3*k - 112 = n. Suppose 0 = 2*p + 2*p - k. What is the units digit of p?
7
Suppose 2*b + 4 = 5*b + 4*g, 2*g = -4. Suppose -b*i + 10 = i. Suppose -9 = -i*m + 3. What is the units digit of m?
6
Let c(r) = 50*r**2 - r. Let m(f) = f**3 - 3*f**2 - 1. Let p be m(3). Let s be c(p). Suppose -s = -5*b - 1. What is the units digit of b?
0
Let w = -28 - -36. What is the units digit of w?
8
Let m be (-4 - -6) + 34 + -2. Suppose -n - 2 = 0, -n - m = -2*u - 3*n. What is the tens digit of u?
1
Suppose -2*a = 2*a - 4, 2*f + 3*a - 13 = 0. Let k(l) = 5*l - 7. What is the tens digit of k(f)?
1
Suppose 33 = u - 18. What is the tens digit of u?
5
Suppose 0*z + 60 = 4*z. Let h be (-104)/(-10) - z/(-25). Let n = h - 5. What is the units digit of n?
6
Suppose -7 - 3 = f + 2*c, 3*f - 10 = 2*c. Suppose 5*r - 16 = 4, f = 5*x - r - 166. What is the units digit of x?
4
Suppose -14 = -3*a - a + 3*n, 5*n = 4*a - 18. Suppose -j - 49 = -2*r - 10, 0 = -a*r - 2*j + 42. What is the tens digit of r?
2
Suppose -4*l = -7*l + 63. What is the units digit of l?
1
Let q(t) = t - 16. Let u be q(-8). What is the units digit of u/(-14) - 24/(-84)?
2
Let z = -14 - -54. What is the tens digit of z?
4
Let g be 230/(-8) + 13/(-52). Let f be 34/4*(-4)/2. Let q = f - g. What is the tens digit of q?
1
What is the units digit of ((-1)/(-3))/(1/6)?
2
Let w = 6 + -2. Suppose -4*f + 16 = -w. Suppose 4*z - 4 = 0, f*n + 0*z + 3*z = 18. What is the units digit of n?
3
Let f(g) be the first derivative of -g**2/2 + g + 2. Let i be f(-6). Let k(v) = v**3 - 6*v**2 - 5*v - 3. What is the units digit of k(i)?
1
Suppose 0 = -4*o + 6*o - 56. What is the tens digit of o?
2
Let g(w) = -w - 14. Let h be g(-16). Suppose -4*v + 71 = -5*n, h*n - 49 = -v - 3*n. What is the units digit of v?
4
Suppose r = -2*r + 6. Suppose -r*v = -v. Let l(w) = -w + 3. What is the units digit of l(v)?
3
Suppose 0*b = -b. Suppose c + 3*n - 4 = 4*n, b = c - 5*n - 8. Suppose 20 = f + c*f. What is the units digit of f?
5
Let j(x) = x**3 - 7*x**2 + 9*x - 1. What is the units digit of j(6)?
7
Let l be 6/8*6*2. Let s(m) be the second derivative of m**4/12 - 4*m**3/3 - 3*m**2/2 - 2*m. What is the units digit of s(l)?
6
Let r be ((-296)/(-6))/((-2)/(-6)). Suppose g + r = 5*g. Suppose 3*p + g = 2*j, -50 = -j - 4*j - p. What is the tens digit of j?
1
Let y(i) = 6*i + 84*i**2 - 6*i. Let u be y(-1). Suppose 2*p = 5*a - u, a + 1 = -4*p + 31. What is the tens digit of a?
1
Let c = -30 - -3. Suppose -4*p + 4*s - 72 = 0, 3*p - 5*p = 5*s + 29. Let u = p - c. What is the tens digit of u?
1
Suppose -t + 7 = -25. What is the units digit of t?
2
Let h be ((-1)/2)/((-2)/(-72)). Suppose 6*r - 175 = -1. Let g = h + r. What is the tens digit of g?
1
Let k = 6 + -11. Let j = k + 19. What is the units digit of j?
4
Let p(r) = r - 7. Let s be p(10). Suppose 36 = 2*f - 3*v + 11, -v + 54 = s*f. What is the tens digit of f?
1
Suppose -4*v + 17 + 35 = 0. What is the tens digit of v?
1
Let z(g) = 4*g**2 + 2. What is the units digit of z(-3)?
8
Suppose -3*n + 59 = -121. What is the tens digit of n?
6
Let h(g) = 4*g**2 + g. Let b(v) = -v**3 + 2*v**2 + 3*v + 1. Let r be b(3). What is the units digit of h(r)?
5
Let c(w) = w**3 + 8*w**2 - 12*w - 14. What is the tens digit of c(-8)?
8
Suppose 25 + 21 = 2*w. Let g = w + 3. What is the units digit of g?
6
Suppose 160 = z + z. Let b = z - 51. What is the tens digit of b?
2
Let s(g) = -g**2 + 1. Let m(v) = -4*v**2 + 1. Let d(z) = -m(z) + 3*s(z). What is the units digit of d(-3)?
1
Suppose -x + 2 = -13. Suppose -5*d = -4*d - x. What is the units digit of d?
5
Suppose 2*j - 10 = 0, -4*q + 98 + 63 = j. What is the units digit of q?
9
Suppose 2*r = q - 30, -3*q = -3*r - 40 - 44. Suppose d - q = -2*d + 4*a, -d = -4*a + 2. Suppose -1 = -3*j + d. What is the units digit of j?
5
Suppose -4*i - 302 = 2*q, 4*q + 4 = -0*q. What is the tens digit of (48/(-15))/(10/i)?
2
Let f(y) = -y**3 + 7*y**2 + y - 13. What is the tens digit of f(6)?
2
Let o = -8 - -14. Suppose 3*g + 0*h - h - 3 = 0, 0 = 2*g - 5*h - 15. Suppose l = o - g. What is the units digit of l?
6
Suppose 5*k - 15 = -4*m, -k + 2*m - 2 = -5. Let r(t) = t**3 + 2*t**2 - 2*t + 2. Let v be r(-3). What is the units digit of (k/(-6))/(v/6)?
3
Let n be 65 + (-9)/6*-2. Suppose 4*v = -5*h + n, 3*h - 3*v - 54 = -2*h. What is the units digit of h?
2
Let f be 6/(9/(-3)) + 0. Let s = -2 + f. What is the units digit of -1*(-2)/s*-2?
1
Let j be (-9)/15 + (-318)/(-5). Suppose 0 = 3*r - 12 - j. What is the t